ime factors of 2049809?
17, 120577
What are the prime factors of 790630?
2, 5, 79063
What are the prime factors of 6895907?
6895907
List the prime factors of 95983.
53, 1811
List the prime factors of 8186594.
2, 13, 499, 631
List the prime factors of 204892.
2, 181, 283
What are the prime factors of 5675508?
2, 3, 5839
List the prime factors of 5175769.
17, 304457
List the prime factors of 1028798.
2, 514399
List the prime factors of 231475.
5, 47, 197
List the prime factors of 995772.
2, 3, 82981
List the prime factors of 201464.
2, 25183
What are the prime factors of 7545034?
2, 7, 538931
List the prime factors of 557076.
2, 3, 13, 3571
What are the prime factors of 19338519?
3, 43, 149911
What are the prime factors of 13547339?
13, 1042103
What are the prime factors of 3400638?
2, 3, 31, 47, 389
What are the prime factors of 199874?
2, 37, 73
What are the prime factors of 55386?
2, 3, 17, 181
List the prime factors of 3099533.
797, 3889
What are the prime factors of 259932?
2, 3, 21661
What are the prime factors of 17183199?
3, 11, 520703
What are the prime factors of 460905?
3, 5, 30727
List the prime factors of 1081982.
2, 11, 17, 263
What are the prime factors of 5730778?
2, 67, 42767
What are the prime factors of 15364076?
2, 7, 13, 42209
What are the prime factors of 1027363?
137, 7499
List the prime factors of 31417543.
167, 179, 1051
What are the prime factors of 3676264?
2, 193, 2381
List the prime factors of 7417753.
7, 23, 46073
What are the prime factors of 50477?
7, 7211
What are the prime factors of 56555?
5, 11311
What are the prime factors of 2098476?
2, 3, 71, 821
List the prime factors of 919115.
5, 183823
What are the prime factors of 40724?
2, 10181
List the prime factors of 311923.
19, 16417
List the prime factors of 170666.
2, 85333
List the prime factors of 993588.
2, 3, 82799
List the prime factors of 290562.
2, 3, 79, 613
List the prime factors of 297469.
297469
What are the prime factors of 10788354?
2, 3, 599353
What are the prime factors of 29231073?
3, 37, 41, 2141
List the prime factors of 330772.
2, 13, 6361
What are the prime factors of 972806?
2, 47, 79, 131
What are the prime factors of 196305?
3, 5, 23, 569
List the prime factors of 40561099.
17, 2385947
What are the prime factors of 2595943?
7, 223, 1663
What are the prime factors of 826480?
2, 5, 10331
What are the prime factors of 34031016?
2, 3, 52517
What are the prime factors of 129750?
2, 3, 5, 173
What are the prime factors of 150050?
2, 5, 3001
List the prime factors of 261181.
139, 1879
List the prime factors of 3326429.
293, 11353
What are the prime factors of 41061?
3, 13687
What are the prime factors of 2719703?
7, 388529
List the prime factors of 11086525.
5, 283, 1567
List the prime factors of 447843.
3, 11, 41, 331
List the prime factors of 2933871.
3, 31, 31547
List the prime factors of 7919019.
3, 241, 1217
List the prime factors of 3357320.
2, 5, 83933
List the prime factors of 260589.
3, 7, 12409
What are the prime factors of 348415?
5, 17, 4099
List the prime factors of 344908.
2, 23, 163
List the prime factors of 85981.
7, 71, 173
List the prime factors of 9103940.
2, 5, 179, 2543
List the prime factors of 1226886.
2, 3, 204481
List the prime factors of 982735.
5, 13, 1163
What are the prime factors of 3147988?
2, 31, 53, 479
What are the prime factors of 4157039?
1039, 4001
List the prime factors of 36413194.
2, 109, 167033
List the prime factors of 13028553.
3, 482539
What are the prime factors of 8606560?
2, 5, 53791
List the prime factors of 1170881.
83, 14107
List the prime factors of 111460.
2, 5, 5573
What are the prime factors of 3996491?
499, 8009
What are the prime factors of 183803?
41, 4483
List the prime factors of 1083817.
7, 19, 29, 281
What are the prime factors of 4763747?
107, 211
List the prime factors of 85365.
3, 5, 7, 271
List the prime factors of 2411341.
53, 45497
List the prime factors of 28257554.
2, 13, 31, 35059
What are the prime factors of 2809382?
2, 587, 2393
What are the prime factors of 3158934?
2, 3, 131, 4019
List the prime factors of 3618423.
3, 409, 983
List the prime factors of 20910056.
2, 2613757
What are the prime factors of 110109?
3, 17, 127
What are the prime factors of 2558153?
13, 15137
List the prime factors of 7017.
3, 2339
List the prime factors of 1011331.
1011331
What are the prime factors of 10754124?
2, 3, 37, 53, 457
What are the prime factors of 3994777?
3994777
What are the prime factors of 4257960?
2, 3, 5, 7, 37, 137
List the prime factors of 540180.
2, 3, 5, 3001
List the prime factors of 10722828.
2, 3, 79, 11311
List the prime factors of 188231.
41, 4591
List the prime factors of 1737643.
31, 56053
What are the prime factors of 326540?
2, 5, 29, 563
List the prime factors of 370586.
2, 127, 1459
What are the prime factors of 314820?
2, 3, 5, 11, 53
List the prime factors of 249116.
2, 7, 31, 41
What are the prime factors of 187599?
3, 62533
What are the prime factors of 176615?
5, 35323
List the prime factors of 876587.
31, 28277
What are the prime factors of 29517058?
2, 14758529
What are the prime factors of 261720?
2, 3, 5, 727
List the prime factors of 10928681.
503, 21727
List the prime factors of 21834802.
2, 11, 277, 3583
What are the prime factors of 19475846?
2, 13, 17, 139, 317
List the prime factors of 2201727.
3, 11, 137, 487
List the prime factors of 128887.
11, 11717
List the prime factors of 13775942.
2, 23, 299477
List the prime factors of 3207044.
2, 801761
List the prime factors of 2583428.
2, 645857
What are the prime factors of 8760544?
2, 13, 21059
What are the prime factors of 293809?
101, 2909
List the prime factors of 790075.
5, 11, 13, 17
List the prime factors of 18474546.
2, 3, 17, 181123
List the prime factors of 1187573.
739, 1607
List the prime factors of 8730514.
2, 13, 409, 821
List the prime factors of 477496.
2, 17, 3511
List the prime factors of 804417.
3, 37, 7247
List the prime factors of 12812250.
2, 3, 5, 11, 1553
What are the prime factors of 141663?
3, 47221
List the prime factors of 9132905.
5, 59, 83, 373
List the prime factors of 190500.
2, 3, 5, 127
What are the prime factors of 1463703?
3, 19, 25679
List the prime factors of 41884746.
2, 3, 71, 98321
What are the prime factors of 272785?
5, 89, 613
List the prime factors of 737022.
2, 3, 11, 13, 859
List the prime factors of 146214.
2, 3, 8123
What are the prime factors of 4748830?
2, 5, 587, 809
What are the prime factors of 1511294?
2, 293, 2579
List the prime factors of 13214784.
2, 3, 11, 6257
What are the prime factors of 230886?
2, 3, 101, 127
What are the prime factors of 918992?
2, 19, 3023
List the prime factors of 1573879.
1573879
What are the prime factors of 21328605?
3, 5, 149, 3181
What are the prime factors of 3442172?
2, 860543
List the prime factors of 1679402.
2, 359, 2339
List the prime factors of 470526.
2, 3, 7, 17, 659
What are the prime factors of 1153269?
3, 13, 9857
List the prime factors of 209592.
2, 3, 41, 71
What are the prime factors of 1483233?
3, 17, 127, 229
What are the prime factors of 11910730?
2, 5, 13, 91621
What are the prime factors of 17890907?
193, 92699
What are the prime factors of 235714?
2, 19, 6203
What are the prime factors of 2392312?
2, 13, 23003
List the prime factors of 602440.
2, 5, 15061
List the prime factors of 1089787.
127, 8581
List the prime factors of 243359.
163, 1493
List the prime factors of 2442564.
2, 3, 19, 3571
List the prime factors of 13242289.
13242289
What are the prime factors of 3045255?
3, 5, 203017
What are the prime factors of 1614710?
2, 5, 161471
What are the prime factors of 253135?
5, 50627
What are the prime factors of 51307?
51307
List the prime factors of 11475536.
2, 107, 6703
List the prime factors of 4872750.
2, 3, 5, 73, 89
What are the prime factors of 393865?
5, 37, 2129
What are the prime factors of 159381?
3, 5903
List the prime factors of 18578534.
2, 13, 443, 1613
What are the prime factors of 25460704?
2, 795647
List the prime factors of 6818976.
2, 3, 23677
What are the prime factors of 4155797?
4155797
List the prime factors of 7529666.
2, 359, 10487
What are the prime factors of 2829936?
2, 3, 19, 29, 107
What are the prime factors of 4794828?
2, 3, 463, 863
List the prime factor